ne w(a).
-17
Let i(h) = -h - 1. Let d be i(-4). Let n(p) = -3*p + d*p - p + 0*p + 4. What is n(5)?
-1
Let n(p) = -3*p - 3. Let a be 9*1*(666/54 + -12). Calculate n(a).
-12
Let t = 526 - 540. Let l(s) = s**2 + 14*s - 4. Give l(t).
-4
Let c(p) = 21*p - 7*p - 1 - 2*p - 12*p - 2*p. Let q(o) = o**2 + o + 1. Let l be q(-1). Give c(l).
-3
Suppose -54 = 3*i + 3*i. Let f be 10/(-45) - (-61)/i. Let g(q) = q + 4. What is g(f)?
-3
Let d = -33 + 76. Let z = -46 + d. Let y(k) be the second derivative of -k**5/20 - k**4/3 - k**3/3 - k**2 + 5*k. Determine y(z).
-5
Let v(j) = -10*j + 12. Let c(l) = -l**3 - 9*l**2 - 9*l + 57. Let k be c(-6). Calculate v(k).
-18
Let g(b) be the second derivative of b**3/3 - 22*b. What is g(-2)?
-4
Let t(n) = 3 - n**2 + 0*n - 2 + 3*n - n**3. Let k(d) = 2*d + 4*d - 4*d - 12. Let z be k(5). What is t(z)?
-1
Let x = -76 - -75. Let r(j) = j**3 + j**2 + 1. Determine r(x).
1
Let v(r) = r**3 - 6*r**2 - 8*r - 5. Let x(w) = w**2 - 12*w + 27. Let i be x(10). Calculate v(i).
-12
Let h(z) be the first derivative of 7/2*z**2 + 15 - 1/3*z**3 - z. Calculate h(7).
-1
Suppose 0*f - 4*f - k = -20, 2*f - 10 = 2*k. Let j(d) be the second derivative of -d**4/12 + 4*d**3/3 - 3*d**2 + d - 459. What is j(f)?
9
Let g(m) = -m**3 + 8*m**2 - 8*m + 8. Let c be 44/6 + 14/(-42). What is g(c)?
1
Let p(d) = d**3 + 5*d**2 + d + 2. Suppose -10*w + 829 + 81 = 0. Let o = -95 + w. Calculate p(o).
14
Let i(y) = -y**2 + 7*y - 5. Suppose -3*d + 3*z - 4 = -19, 3*d - z - 5 = 0. Let g = d - -3. Let x be (12 - g) + 3 + -6. Give i(x).
1
Let n(q) = -3*q**3 + 3*q**2 + 11*q + 12. Let v(d) = d**3 + d**2 - d - 1. Let r(u) = -n(u) - 4*v(u). Calculate r(-6).
-2
Let k(a) = -42*a + 83. Let h be k(2). Let w(b) = -13*b - 1. Give w(h).
12
Let m be (1/2)/(-6*(-6)/504). Let s(c) = 5*c - 7. What is s(m)?
28
Let y(k) = k**3 + 3*k**2 + 2*k + 1. Let o = 15 - 16. Let m be (6/(-12))/(o/6). Suppose m*z + 2 = h, -4*z + 4*h + 3 = -5. Give y(z).
1
Suppose 2 = 2*b + 2*a - 4, -4*b + a + 22 = 0. Let x = b - 10. Let n(q) = 7*q + 38 + q**2 + 3*q**2 - 3*q**2 - 33. Give n(x).
-5
Let d = -10 + 15. Let n(p) be the first derivative of 0*p**2 - 8 - 5/3*p**3 + 0*p + 1/4*p**4. Determine n(d).
0
Let i(z) = -14*z + 20. Let x = -7 - -8. Let h(u) = x - 10 + 9*u - 3 - 1. Let w(y) = 8*h(y) + 5*i(y). Determine w(3).
2
Let o(v) = 3*v + 20. Let j = -1051 + 1041. Determine o(j).
-10
Let z = -237 + 236. Let w(k) = 17*k + 1. Give w(z).
-16
Let i be 2/(-7) + 510/21. Let d = i - 51. Let c = d + 21. Let x(j) = 2*j + 8. Determine x(c).
-4
Let w(t) = 5*t - 3. Let r(q) = 8*q + 46. Let h be r(-5). Calculate w(h).
27
Let h(i) be the second derivative of -2*i**3/3 - 9*i**2/2 + 4*i - 5. What is h(-6)?
15
Let r be (-11 - -12)*(-1 - (-3 + 7)). Let o(x) = -2*x + 11. What is o(r)?
21
Let m(b) = -b**2 - 7*b. Let w be (-2)/(-10) + (-41)/5. Calculate m(w).
-8
Suppose 4*y - 16 = 3*n, -2*y + n + 16 = 2*y. Let a(p) = -14*p + 9*p**3 + 12*p - 2 + 5*p**2 - 10*p**3. Give a(y).
6
Let j(h) = -h**2 - 7*h + 5. Suppose -3*x - 12 = 12. What is j(x)?
-3
Let l(v) = v**2 + 13*v - 3. Suppose 3*h - 10 = -52. Give l(h).
11
Suppose 16 = -4*h + 5*o, h - 2*o + o = -4. Let c(f) = 0 - 5*f - 5*f**2 + 4*f**2 - 4. Calculate c(h).
0
Let u(w) = -w**2 - 26. Let r be (-6)/(-36)*-3*(-3 - -3). Calculate u(r).
-26
Let t(h) = h + 8. Let u be (-100)/(-4)*(-3 + 2). Let p = 18 + u. Determine t(p).
1
Let s = 4 - 0. Let g be 6/8*32/s + -1. Let t(x) = x**2 - 4*x + 2. Calculate t(g).
7
Let h = -110 - -119. Let b(d) = -d**2 + 27 - 16 - h + 4*d. What is b(5)?
-3
Let t(w) = -w**2 - 6*w + 12. Let u be t(-8). Let f(z) = -z**2 + 4*z + 1. Let j(h) = 4*h + 1. Let b(v) = -2*f(v) + 3*j(v). Determine b(u).
17
Let t(z) be the third derivative of -z**5/15 - z**4/12 + z**3/3 - 18*z**2. What is t(-2)?
-10
Let y(c) = -3*c**3 - c**2 + 4*c**3 - 6949 + c**2 + 6909. What is y(0)?
-40
Let q(c) = -c + 7. Let z(b) = -b + 5. Let l(n) = 3*q(n) - 4*z(n). Let r be (-1)/(-1)*(-21)/7. Determine l(r).
-2
Let v(o) be the first derivative of -o**4/4 + o**3/3 - 3*o - 116. Calculate v(0).
-3
Let w(n) = 5*n**2 + 2*n + 3. Let u be 41/(-13) - (40/52)/(-5). What is w(u)?
42
Let y(l) = -2*l**3 + l - 1. Let k = 17 + -6. Suppose t = 4*a + 4 + k, -7 = -t + 2*a. Let p be 2/(-4)*(t - 1). Determine y(p).
-2
Suppose 3*b + 4*o = -5, 3*o = 5*b + 4*o + 31. Let v(f) = f**2 + 8*f - 8. Give v(b).
-15
Let t(o) = -8*o + 9. Let f(z) = -13*z + 16. Let a(m) = 5*f(m) - 8*t(m). Let i(g) = 8*g**2. Let c be i(1). Let n(v) = v - 2. Let x be n(c). Give a(x).
2
Let v(c) = -c - 6 + 49*c**2 - c - 19*c**2 - 17*c**2 - 12*c**2. Determine v(6).
18
Let x(i) be the first derivative of -5*i**4/4 + 7*i**3/3 - 2*i**2 + 3*i + 22. Let k(c) = c**3 - c + 1. Let u(z) = -4*k(z) - x(z). Give u(6).
5
Let q(b) = -8 + 7*b - 9*b**3 + 0*b**3 - 9*b**2 - 4*b**3 + 14*b**3 + 0*b**2. What is q(8)?
-16
Suppose 2*j = 7*j. Suppose j = 3*x - 9. Let b(v) = 5*v**x + 14*v**2 - 2 - 9*v**2 - 4*v**3 - 2 - 7*v. Determine b(-6).
2
Let p(w) be the first derivative of w**3/3 - 7*w**2 + 28*w + 88. Give p(12).
4
Let b be (-2 - -10)*(-9)/36. Let o(z) = z**3 + z**2 + 3*z + 2. Give o(b).
-8
Let d be (280/15)/(-2)*6/(-4). Suppose r - 4*j = -2 + 6, d = -4*r + j. Let y(i) = -3*i - 3. Determine y(r).
9
Let u(j) be the third derivative of j**6/120 - j**5/30 - j**4/8 + j**3/3 + j**2. Suppose -3*w + 802 = 4*m + 793, m + 6 = 2*w. Determine u(w).
2
Let a(l) be the second derivative of 0 + 2*l**2 - 1/6*l**3 + 2*l. Let t be -1 + 7 + 3*-1. Determine a(t).
1
Let q = 429 + -426. Let o(v) = 3*v**2 - 5*v + 4. Determine o(q).
16
Let n(u) = -2*u + 16. Let t be n(7). Let h(w) = -1 + 0*w**2 + 0*w**t - 4*w**3 + 9*w**3 + 2*w**2. Calculate h(1).
6
Let i(u) = -u**3 - 4*u**2 + 3*u + 4. Suppose 5*c + 3*c = 416. Suppose -5*o + 54 = -3*j, 0 = -6*o + 2*o - 2*j + c. Suppose 4*q = -8 - o. Calculate i(q).
14
Let q(d) = 3*d + 1. Let h = 117 - 116. Let u be h*(5 + (-24)/3). Give q(u).
-8
Let x(f) = 2 + 1 - f + 0*f - 2. Let z(v) = -11*v - 92. Let u be z(-8). Give x(u).
5
Let y(x) = x**3 + 7*x**2 + 7*x + 7. Suppose -2*f = 125 - 115. Give y(f).
22
Let u(j) = -3*j - 24. Let v(r) = -2*r - 12. Let x = 20 + -17. Let q(p) = x*u(p) - 5*v(p). Give q(5).
-7
Let v(o) be the first derivative of o**5/30 + o**4/4 + 2*o**3/3 - 4*o**2 - 26. Let c(k) be the second derivative of v(k). Determine c(-4).
12
Let o(l) = l**3 + l**2 - 4. Let b(v) = v**3 - 11*v**2 - 41*v + 3. Let w be b(-3). What is o(w)?
-4
Let g(n) = -23*n**2 + 1. Let x = -296 + 297. What is g(x)?
-22
Suppose 5*u + 2*f = -81, 24 = -2*u - 0*f + 2*f. Let h(l) = l + 9. Calculate h(u).
-6
Let w(q) = 2*q + 2. Let o = 110 + -115. Determine w(o).
-8
Suppose -3*i = 4*c + 1, 4*c - 1 = -i - 4*i. Let s be (-6)/c + 0 + 0. Suppose -25 = -h + s*h. Let l(w) = -3*w - 5. Determine l(h).
10
Let r(w) = -3*w + 6. Let m(j) be the second derivative of j**3/6 - 20*j. Let n(a) = -m(a) - r(a). Determine n(7).
8
Let f be 2/(-1)*(-10)/4. Suppose 4*s + 5*z + 26 = 64, 11 = s + 2*z. Let i(j) = -48*j**2 - s - 2*j + 8*j + 1 + 47*j**2. Determine i(f).
-1
Let m(k) = 6*k + 61. Let f(t) = -3*t**2 - 143*t + 38. Let d be f(-48). What is m(d)?
1
Let s(n) = -650*n**2 - 649*n**2 - n - 2 + 1300*n**2. Suppose a = -2 - 0. What is s(a)?
4
Let s be (13/(-26))/(5/40). Let v(l) = 0 - 2 + l**3 - 2*l**3 - 4*l**2 - l. Calculate v(s).
2
Let z(v) be the third derivative of -v**6/720 - v**5/30 - 5*v**4/24 + 17*v**2. Let d(b) be the second derivative of z(b). Determine d(-7).
3
Let i be (3 + -2)/(-1 - -2)*5. Let s be (-1)/(i/(-60)*3). Let k(p) = -p**2 + 3*p. Determine k(s).
-4
Let d(t) = 2*t - 3*t + t**2 + 0*t - 11. Suppose 10 = 4*n + 2*u, 3*n - 5*u + 19 - 7 = 0. Let k be ((-4)/(-2) - n) + -1. Calculate d(k).
-11
Let c = 100 + -95. Let v(o) = -2*o + 5 + 3*o - o**2 - 1. Calculate v(c).
-16
Let t(g) = -2*g + 1. Let o = 359 - 363. Calculate t(o).
9
Let q(m) = m**3 - 4*m**2 + 2*m - 6. Suppose 3*z + 3*s = 26 - 5, 2*s = 3*z + 4. What is q(z)?
-10
Let x(c) = 3*c + 2. Let o = -34 + 43. Suppose -7*k - o = -4*k. Give x(k).
-7
Let q(d) be the first derivative of d**4/4 - 5*d**3/3 - 9*d**2/2 + 13*d - 1. Let u be q(6). Let l(o) = -6*o**2 - o**3 + 2*o**2 + 4*o + 26 - 32. Give l(u).
-1
Let k(q) be the first derivative of -5*q**4/24 + q**3/6 - 2*q**2 - 9. Let i(m) be the second derivative of k(m). Let y be 12/(-9) + (-2)/(-6). Give i(y).
6
Let 